he thousands digit of 1569632?
9
What is the millions digit of 4272333?
4
What is the hundred thousands digit of 8379641?
3
What is the thousands digit of 537091?
7
What is the ten thousands digit of 552114?
5
What is the thousands digit of 208750?
8
What is the tens digit of 1990267?
6
What is the thousands digit of 976307?
6
What is the hundred thousands digit of 1770374?
7
What is the units digit of 4654846?
6
What is the ten thousands digit of 430070?
3
What is the units digit of 410712?
2
What is the thousands digit of 220465?
0
What is the hundred thousands digit of 488104?
4
What is the units digit of 188828?
8
What is the ten thousands digit of 251551?
5
What is the hundred thousands digit of 29245376?
2
What is the hundred thousands digit of 2815834?
8
What is the thousands digit of 230393?
0
What is the units digit of 232841?
1
What is the thousands digit of 904701?
4
What is the units digit of 398593?
3
What is the tens digit of 7383?
8
What is the thousands digit of 3811723?
1
What is the ten thousands digit of 972999?
7
What is the units digit of 13939087?
7
What is the thousands digit of 2162065?
2
What is the hundreds digit of 264338?
3
What is the thousands digit of 611879?
1
What is the tens digit of 2209125?
2
What is the ten thousands digit of 3068940?
6
What is the hundreds digit of 5755023?
0
What is the millions digit of 2322211?
2
What is the millions digit of 4214806?
4
What is the ten thousands digit of 200412?
0
What is the hundreds digit of 18210422?
4
What is the ten thousands digit of 52622?
5
What is the tens digit of 5854039?
3
What is the hundred thousands digit of 8530433?
5
What is the tens digit of 1915685?
8
What is the tens digit of 63902?
0
What is the hundred thousands digit of 387287?
3
What is the ten thousands digit of 330849?
3
What is the units digit of 1127759?
9
What is the hundred thousands digit of 3234117?
2
What is the units digit of 5005465?
5
What is the tens digit of 22539258?
5
What is the hundred thousands digit of 504114?
5
What is the tens digit of 399401?
0
What is the thousands digit of 5212537?
2
What is the hundreds digit of 2194477?
4
What is the hundreds digit of 195265?
2
What is the thousands digit of 5600335?
0
What is the tens digit of 284400?
0
What is the hundreds digit of 496115?
1
What is the tens digit of 83835?
3
What is the thousands digit of 60382?
0
What is the tens digit of 146455?
5
What is the ten millions digit of 13815485?
1
What is the thousands digit of 1439384?
9
What is the ten thousands digit of 18018122?
1
What is the hundreds digit of 6061063?
0
What is the units digit of 141696?
6
What is the hundreds digit of 370630?
6
What is the ten millions digit of 29204955?
2
What is the units digit of 469655?
5
What is the thousands digit of 2581627?
1
What is the hundred thousands digit of 1624279?
6
What is the hundreds digit of 11675340?
3
What is the tens digit of 81267?
6
What is the units digit of 984073?
3
What is the units digit of 7363547?
7
What is the tens digit of 262359?
5
What is the ten thousands digit of 170739?
7
What is the thousands digit of 2079355?
9
What is the millions digit of 5894151?
5
What is the ten thousands digit of 375706?
7
What is the units digit of 158766?
6
What is the thousands digit of 17394357?
4
What is the thousands digit of 158783?
8
What is the hundred thousands digit of 529407?
5
What is the units digit of 4456082?
2
What is the tens digit of 79647?
4
What is the units digit of 20367299?
9
What is the tens digit of 636163?
6
What is the units digit of 559048?
8
What is the thousands digit of 861997?
1
What is the thousands digit of 389535?
9
What is the units digit of 161314?
4
What is the ten thousands digit of 13553526?
5
What is the tens digit of 11800234?
3
What is the units digit of 62091?
1
What is the millions digit of 11873773?
1
What is the hundreds digit of 3125276?
2
What is the hundred thousands digit of 447074?
4
What is the millions digit of 10768853?
0
What is the tens digit of 356955?
5
What is the millions digit of 20655616?
0
What is the ten thousands digit of 1474144?
7
What is the millions digit of 1868288?
1
What is the units digit of 6564742?
2
What is the millions digit of 14524027?
4
What is the thousands digit of 477291?
7
What is the hundreds digit of 1089319?
3
What is the ten millions digit of 11263131?
1
What is the thousands digit of 15638868?
8
What is the thousands digit of 418806?
8
What is the millions digit of 10952575?
0
What is the ten thousands digit of 1053094?
5
What is the ten thousands digit of 32917401?
1
What is the millions digit of 3248268?
3
What is the ten thousands digit of 1454043?
5
What is the thousands digit of 326807?
6
What is the tens digit of 8919393?
9
What is the hundreds digit of 321783?
7
What is the hundreds digit of 3179640?
6
What is the millions digit of 3209973?
3
What is the hundred thousands digit of 857973?
8
What is the units digit of 220994?
4
What is the hundred thousands digit of 711842?
7
What is the thousands digit of 3654421?
4
What is the tens digit of 203383?
8
What is the hundred thousands digit of 10111490?
1
What is the tens digit of 614598?
9
What is the tens digit of 2155874?
7
What is the millions digit of 10878255?
0
What is the tens digit of 8223709?
0
What is the ten thousands digit of 11764256?
6
What is the millions digit of 1491041?
1
What is the hundreds digit of 560511?
5
What is the units digit of 76574?
4
What is the tens digit of 304990?
9
What is the thousands digit of 211087?
1
What is the units digit of 785626?
6
What is the tens digit of 10564622?
2
What is the tens digit of 15183999?
9
What is the millions digit of 1429236?
1
What is the tens digit of 317865?
6
What is the hundreds digit of 414494?
4
What is the hundreds digit of 21901?
9
What is the tens digit of 2922647?
4
What is the thousands digit of 699776?
9
What is the millions digit of 16877471?
6
What is the thousands digit of 366953?
6
What is the hundred thousands digit of 17687425?
6
What is the hundred thousands digit of 2747073?
7
What is the hundred thousands digit of 3768362?
7
What is the hundred thousands digit of 3037207?
0
What is the hundred thousands digit of 245054?
2
What is the tens digit of 680059?
5
What is the units digit of 9196166?
6
What is the hundred thousands digit of 12822516?
8
What is the hundreds digit of 485317?
3
What is the ten thousands digit of 615367?
1
What is the units digit of 852175?
5
What is the ten thousands digit of 5594893?
9
What is the hundreds digit of 104420?
4
What is the hundred thousands digit of 1340119?
3
What is the hundreds digit of 433656?
6
What is the ten thousands digit of 160713?
6
What is the tens digit of 577200?
0
What is the tens digit of 1677835?
3
What is the millions digit of 1947847?
1
What is the units digit of 1367509?
9
What is the hundreds digit of 508381?
3
What is the ten thousands digit of 313443?
1
What is the hundreds digit of 51445?
4
What is the hundred thousands digit of 32339868?
3
What is the units digit of 538338?
8
What is the hundred thousands digit of 137310?
1
What is the thousands digit of 5370547?
0
What is the units digit of 1977974?
4
What is the ten thousands digit of 1046165?
4
What is the hundred thousands digit of 43898794?
8
What is the hundreds digit of 6305?
3
What is the tens digit of 1490496?
9
What is the units digit of 15688571?
1
What is the units digit of 484140?
0
What is the hundred thousands digit of 28208831?
2
What is the tens digit of 6872484?
8
What is the millions digit of 2160071?
2
What is the tens digit of 8083856?
5
What is the hundred thousands digit of 730896?
7
What is the tens digit of 1320495?
9
What is the hundreds digit of 500300?
3
What is the ten thousands digit of 551889?
5
What is the tens digit of 480626?
2
What is the tens digit of 8491574?
7
What is the thousands digit of 2757511?
7
What is the thousands digit of 7611237?
1
What is the tens digit of 1397652?
5
What is the thousands digit of 25019?
5
What is the hundreds digit of 104276?
2
What is the ten thousands digit of 1655219?
5
What is the ten thousands digit of 664849?
6
What is the ten thousands digit of 2885276?
8
What is the ten thousands digit of 716097?
1
What is the hund